f 157537 and 1315?
263
What is the greatest common factor of 11733 and 84?
3
What is the greatest common divisor of 4267 and 3791?
17
Calculate the greatest common divisor of 35475 and 220.
55
Calculate the greatest common factor of 4805 and 29295.
155
Calculate the highest common divisor of 94 and 73555.
47
Calculate the greatest common factor of 7096 and 88.
8
Calculate the greatest common factor of 93 and 883221.
93
What is the highest common factor of 284 and 77958?
142
What is the highest common divisor of 82 and 254077?
41
Calculate the highest common divisor of 8 and 129112.
8
Calculate the highest common divisor of 208 and 63632.
16
What is the highest common factor of 65987 and 1311?
437
What is the greatest common divisor of 8405 and 94300?
205
What is the greatest common divisor of 734 and 2458?
2
Calculate the highest common divisor of 8568 and 4200.
168
Calculate the highest common factor of 252424 and 136.
8
Calculate the highest common divisor of 24420 and 795.
15
What is the highest common divisor of 72967 and 27772?
131
What is the greatest common divisor of 1 and 88681?
1
What is the highest common divisor of 130260 and 30?
30
What is the greatest common divisor of 1188 and 168399?
297
Calculate the highest common divisor of 34 and 8797670.
34
Calculate the greatest common divisor of 91 and 44226.
91
Calculate the highest common divisor of 269410 and 929.
929
What is the greatest common factor of 103708 and 440?
44
Calculate the greatest common divisor of 1188 and 104412.
132
Calculate the greatest common factor of 15680 and 34790.
490
Calculate the highest common divisor of 223542 and 396.
198
What is the highest common factor of 1840 and 70334?
46
Calculate the greatest common factor of 684 and 7828.
76
What is the greatest common divisor of 616182 and 714?
714
Calculate the greatest common divisor of 1 and 7969.
1
Calculate the greatest common divisor of 634 and 12997.
317
What is the greatest common factor of 34 and 50014?
34
Calculate the greatest common factor of 197 and 3152.
197
What is the highest common factor of 176 and 97592?
88
Calculate the greatest common divisor of 12258844 and 52.
52
What is the highest common factor of 291114 and 7776?
486
Calculate the highest common divisor of 2208 and 239904.
96
What is the highest common divisor of 124 and 529418?
62
Calculate the greatest common factor of 165 and 418440.
165
Calculate the highest common divisor of 1425 and 3135.
285
What is the greatest common divisor of 84277 and 62911?
1187
Calculate the highest common divisor of 572 and 26020.
4
Calculate the greatest common factor of 90 and 74610.
90
What is the highest common factor of 19758 and 14418?
534
Calculate the greatest common factor of 60 and 940.
20
What is the greatest common divisor of 89 and 216626?
89
Calculate the greatest common factor of 22576 and 5168.
272
What is the greatest common divisor of 52 and 327002?
26
Calculate the highest common factor of 80368 and 16.
16
What is the highest common divisor of 8 and 5708?
4
Calculate the highest common factor of 3125 and 275.
25
What is the highest common factor of 35541 and 99?
99
Calculate the highest common divisor of 1420 and 44380.
20
What is the greatest common factor of 19251 and 2356?
31
Calculate the highest common factor of 45294 and 402.
6
Calculate the highest common divisor of 18 and 702774.
18
What is the greatest common factor of 69 and 328463?
23
What is the greatest common factor of 1719 and 16999?
191
What is the highest common factor of 1494 and 167162?
166
Calculate the highest common divisor of 1105 and 35581.
221
Calculate the highest common factor of 5 and 55165.
5
Calculate the highest common divisor of 2944 and 460.
92
What is the highest common divisor of 755916 and 84?
84
What is the greatest common factor of 87032 and 3520?
88
Calculate the highest common divisor of 15239 and 5341.
49
Calculate the highest common factor of 7 and 1799.
7
Calculate the greatest common factor of 150 and 2196.
6
What is the greatest common factor of 8648 and 16?
8
What is the greatest common divisor of 822 and 164400?
822
Calculate the greatest common divisor of 4 and 244472.
4
Calculate the highest common factor of 195 and 80496.
39
Calculate the highest common factor of 5152 and 38801.
161
Calculate the greatest common divisor of 602 and 1354.
2
What is the greatest common divisor of 2205 and 10035?
45
Calculate the highest common divisor of 41040 and 14640.
240
Calculate the greatest common factor of 163040 and 24.
8
What is the greatest common factor of 512 and 9760?
32
What is the greatest common factor of 68874 and 897?
39
Calculate the highest common factor of 80352 and 1280.
32
What is the greatest common factor of 76931 and 38?
19
What is the greatest common factor of 589 and 383059?
19
Calculate the highest common divisor of 55 and 386485.
55
Calculate the greatest common factor of 1208 and 456.
8
What is the highest common factor of 1323 and 11445?
21
What is the greatest common factor of 1155 and 9735?
165
What is the greatest common divisor of 9472 and 8832?
128
Calculate the highest common divisor of 142219 and 77.
77
What is the greatest common factor of 381225 and 136?
17
Calculate the highest common divisor of 9269 and 14291.
31
What is the greatest common factor of 1865833 and 917?
131
What is the highest common divisor of 740 and 155?
5
What is the highest common divisor of 20 and 222010?
10
What is the highest common divisor of 928 and 25824?
32
What is the greatest common factor of 378432 and 192?
192
What is the greatest common divisor of 387 and 541413?
387
What is the highest common factor of 16963 and 11?
1
What is the greatest common divisor of 145522 and 1914?
58
What is the highest common divisor of 4087435 and 55?
55
Calculate the highest common factor of 336 and 253136.
16
Calculate the highest common divisor of 1354964 and 5872.
1468
What is the highest common divisor of 11100 and 6100?
100
Calculate the highest common factor of 49 and 841722.
49
What is the greatest common divisor of 854 and 826?
14
What is the highest common factor of 734103 and 18?
9
What is the greatest common factor of 301322 and 14?
14
Calculate the greatest common divisor of 376901 and 2737.
161
Calculate the highest common divisor of 220 and 81796.
44
What is the highest common divisor of 38500 and 1764?
28
What is the greatest common divisor of 288 and 55440?
144
Calculate the highest common divisor of 122102 and 2.
2
What is the highest common factor of 284 and 1217650?
142
What is the highest common factor of 4590 and 103360?
170
Calculate the greatest common factor of 6 and 4677366.
6
What is the highest common factor of 358 and 138904?
358
Calculate the highest common factor of 10733990 and 20.
10
What is the highest common divisor of 589 and 3131?
31
What is the greatest common divisor of 22533 and 327642?
609
Calculate the greatest common divisor of 35866 and 632.
158
What is the highest common divisor of 6889 and 664?
83
What is the highest common factor of 21 and 189231?
21
Calculate the greatest common factor of 8575 and 41825.
175
Calculate the highest common factor of 260 and 500.
20
Calculate the highest common factor of 12 and 37134.
6
Calculate the greatest common factor of 250010 and 805.
115
What is the greatest common factor of 7425 and 275?
275
What is the highest common factor of 701038 and 118?
118
Calculate the highest common factor of 309 and 44599.
103
What is the highest common divisor of 11956 and 924?
28
Calculate the highest common factor of 896 and 6944.
224
What is the greatest common factor of 14462 and 182?
14
Calculate the highest common divisor of 13494 and 2193.
3
Calculate the greatest common divisor of 7722 and 325.
13
What is the highest common divisor of 292817 and 413?
413
Calculate the greatest common factor of 27776 and 812.
28
What is the highest common factor of 17234 and 28?
14
Calculate the greatest common factor of 28112 and 84.
28
What is the greatest common factor of 1680 and 678608?
112
Calculate the highest common divisor of 601279 and 98.
49
What is the highest common divisor of 4662 and 508536?
126
Calculate the highest common factor of 462207 and 129.
129
Calculate the greatest comm